 Suppose -5*l = -z - 0. What is the units digit of l?
2
Suppose 0 = 5*r - 9 - 6. Suppose -3*s - r + 0 = 0. Let d = 1 - s. What is the units digit of d?
2
Suppose 7*h + h - 312 = 0. What is the units digit of h?
9
Suppose 3*c + 5*l - 25 = 0, -6*l = 2*c - 3*l - 16. Let q be 1*(3 - 95/5). Let y = c - q. What is the tens digit of y?
2
Let t(c) = -c**2 - 14*c - 10. Let x be t(-12). Suppose 0 = -5*j + 4*f + 70, 3*j + 6*f = f + 5. Let l = x - j. What is the units digit of l?
4
Suppose 0 = -2*z + 7*z. Suppose -4*k + z*k = -24. What is the units digit of k?
6
Let n(o) = o**3 + 7*o**2 + 9. What is the units digit of n(-7)?
9
Suppose -b + 27 + 9 = 0. What is the tens digit of b?
3
Let n = 5 - -1. Suppose -2*g = 3*g + 3*j - 11, 13 = 3*g + 5*j. Suppose g = r - n. What is the units digit of r?
7
Let p(i) = -36*i + 4. What is the units digit of p(-5)?
4
Let d be ((-24)/18)/(2/(-3)). Let y = d - 0. Suppose -2*f = y*m - 0*f - 2, -3*m + 7 = -f. What is the units digit of m?
2
Suppose m + 145 = 6*m. What is the units digit of m?
9
Suppose -1 = m - 3. Suppose -3*q + 4*d + 236 = m*q, -2 = -2*d. Suppose b - q = -2*b. What is the units digit of b?
6
Let o = 51 - 31. What is the units digit of o?
0
Let g(k) be the first derivative of -k**2/2 + k + 3. Let j = -15 - -7. What is the units digit of g(j)?
9
Let d(h) = h**2 - 11*h - 21. What is the tens digit of d(14)?
2
Let v be ((-60)/18)/(2/(-6)). Suppose 0 = -2*r - 3*l - 9, -v = 5*r - 7*l + 2*l. What is the units digit of ((-42)/(-9))/((-2)/r)?
7
Let a = 62 + -32. What is the units digit of a?
0
Let d = 44 + 68. What is the units digit of 2/(-6) + d/12?
9
Let z = 0 - 4. What is the units digit of 2*2/z + 10?
9
What is the tens digit of 22/2 - (1 - 1)?
1
Suppose -10 - 26 = 4*j. Let d(x) = x**2 + 9*x + 13. What is the tens digit of d(j)?
1
Suppose -2*r = -78 - 188. What is the hundreds digit of r?
1
Let w(b) = -39*b + 20. What is the tens digit of w(-3)?
3
Let o(n) = n + 4. Suppose -2*w + 15 = -7*w. What is the units digit of o(w)?
1
Suppose 4*o + 71 = 295. Suppose -5*f - 2*r + o = -45, 104 = 5*f + 3*r. What is the tens digit of (f - (2 - 0)) + -3?
1
Let f be 1 - 2*(-3)/(-2). What is the units digit of (3 - 22/4)*f?
5
Suppose 6*s = 2*s - 36. What is the units digit of (-6)/s - (-4)/3?
2
Let d(x) = -x**3 + 15*x**2 - 7*x - 33. What is the units digit of d(14)?
5
Let r = 3 + -5. Let w be (-2)/2 - (-16)/r. What is the units digit of 6/2*(-6)/w?
2
Let k(n) = n**2 - 4*n + 5. Let s be k(4). Let c = 23 - 19. Suppose g + 20 = c*b, -2*g + 25 = s*b - 5*g. What is the units digit of b?
5
Suppose -2*n = 2*k + 2, 5*k - 5*n = -15 + 50. Suppose -w + 178 = 5*g, 0 = -g + k*w + w + 23. What is the tens digit of g?
3
What is the units digit of -22*(4 + -3)*-2?
4
Let g = -3 - -6. Suppose -5*c = g - 103. What is the tens digit of c?
2
Let x be (86 - -1)*4/12. Let p = -34 + 39. Suppose 0 = 5*y - 2*s - x - 21, -s = p. What is the units digit of y?
8
Let p = 56 + -18. What is the units digit of p?
8
Suppose -6 - 150 = -3*j. Suppose -b + j = 3*b. What is the tens digit of b?
1
Let y(r) = -5*r + 4. Let d be y(-3). Suppose 3*z = d + 5. Suppose z*i - 3*i = 35. What is the units digit of i?
7
Let f(i) = -i**2 + 2*i + 4. Let s be f(3). Let p be 1/s - (2 + -4). What is the units digit of 2/(-4)*(-15 - p)?
9
Let u be 1 - 23*(2 + -3). Let j = u + -17. Suppose -2*p + 7 = -j. What is the units digit of p?
7
Suppose 4*o + 0*o = 80. Suppose 4*p - 48 = 4*j, -2*p = -j - 0*j - o. What is the units digit of p?
8
Suppose 0*k - 6 = -3*k. Suppose 0 = 2*v - 5*v - k*d - 2, 0 = -v + 5*d + 22. What is the units digit of v?
2
Suppose -2*y + x = -8 - 3, 3*x = -5*y + 55. Suppose 3*k - y*k = -40. What is the units digit of k?
8
Let t = 6 + 17. What is the tens digit of t?
2
Suppose 8*o - 13*o + 30 = 0. Let r = 6 + o. What is the units digit of r?
2
Suppose -g = -2*g - 4. Let u be 9/g + 2/8. What is the units digit of (u - -6)*(1 - 0)?
4
Suppose 2*b - 26 = -t - 72, 0 = -4*t - 3*b - 159. Let m = -21 - t. What is the units digit of m?
5
Let o be (1*-1)/((-2)/6). Let d be -6*o/((-27)/6). Suppose -5*m + 29 = -5*x + 2*x, d*m = -x + 30. What is the units digit of m?
7
Let b(h) = h**3 - h**2 + 7. Let n be b(0). Let g(y) = 6*y - 3*y - 2*y. What is the units digit of g(n)?
7
Suppose 3*h + 272 = -5*r, 0*r - 240 = 3*h - 3*r. Let g be h/(-10) + (-9)/(-15). What is the units digit of (14/(-21))/((-2)/g)?
3
Suppose 0*r + 50 = 2*r. What is the tens digit of r?
2
Suppose 0 = -4*n + 4, -2*q - 3*n + 0*n = -95. Let y = 86 - q. Suppose 3*a + a = y. What is the units digit of a?
0
Let t = -35 - -262. What is the units digit of t?
7
Suppose 2*w + v = 674, 5*w - 4*v - 1657 - 2 = 0. What is the units digit of w?
5
What is the units digit of 19*4/((-16)/(-12))?
7
Let b be (-2 + 0)/(2 + -3). Suppose -3*a = b*a - 3*n - 137, a - 5 = -5*n. What is the units digit of a?
5
Suppose 2*h + 10 = -4*q - 6, 5*q = -h - 23. Suppose h = i + 4. What is the units digit of i/7 - 102/(-14)?
7
Suppose -d - 4*d = 90. What is the units digit of (3/(-2))/(d/48)?
4
Let y be (12/8)/(3/4). What is the tens digit of ((-2)/(-4))/(y/68)?
1
Let s be (0 - -1)/(5/15). Let y = 14 - 10. Suppose 5*k = y*v - 41, k + 32 = 3*v - s*k. What is the units digit of v?
4
What is the tens digit of -2*((-900)/8)/9?
2
Let g = -160 - -243. What is the tens digit of g?
8
Let m(n) = -6*n - 2. What is the tens digit of m(-4)?
2
Let n(b) = b**3 + 2*b - 12. What is the tens digit of n(6)?
1
Suppose 47 = -0*p + p. What is the tens digit of 1*(p + -2) - 3?
4
Let j = 136 + -82. What is the units digit of j?
4
Let q(b) = 9*b - 4 - b**2 + 2 - 6 - 3*b. Let p be q(6). Let g = -6 - p. What is the units digit of g?
2
Suppose 9*p = 127 + 44. What is the units digit of p?
9
Let m(d) = -d**2 - 12*d - 9. Let k be m(-7). Suppose -1 = -2*v - 2*f + 19, -5*f + k = 3*v. What is the tens digit of v?
1
Let f(c) = c**3 + 5*c**2 + 3*c - 4. Let k be f(-4). Suppose -3*p + 5 + 4 = k. Suppose p = -4*o + 19. What is the units digit of o?
4
Let h(d) = d**3 - 4*d**2 - 4*d - 2. Let l be h(5). Let p(q) = 6*q**2 - q + 3. Let z be p(l). What is the units digit of ((-1)/2)/((-9)/z)?
3
Let u be -7*(-3 + 1)/2. Let o be 104/28 - (-2)/u. Suppose -7 = -o*i + 9. What is the units digit of i?
4
Suppose -2*v + 3*v = 2*s - 3, 7 = 5*s - 2*v. What is the units digit of s?
1
Let y(f) = 4*f**2 + f + 1. Let n be y(-1). Suppose h = -h + 2. Let q = n + h. What is the units digit of q?
5
Let v(t) be the third derivative of t**6/120 + 7*t**5/60 - 7*t**4/24 + 3*t**3/2 - t**2. What is the units digit of v(-8)?
1
Let t(m) = m**2 + m - 1. Let x be t(-2). What is the units digit of 8 + x*(0 - 1)?
7
Suppose -5 = -5*f - 5*u, -u + 2 + 5 = -f. Let g = -3 - f. Suppose 0 = -5*q + 2*j + 9, 2*q + j - 9 + 0 = g. What is the units digit of q?
3
Let p(f) = f**2 - 5*f + 4. Let t be p(5). Let l(y) = y - 3. Let c be l(0). Let o = t + c. What is the units digit of o?
1
Suppose -b + l = -84, 0*l + 82 = b + l. Let v be (0/(-1) - 1) + 1. Suppose -2*m - 2 = v, -5*m = -5*o + b - 13. What is the units digit of o?
3
Let j(w) = -w**3 - 11*w**2 - 13*w - 5. What is the units digit of j(-10)?
5
Let r = 50 - -6. What is the units digit of r?
6
Let h(f) = f**2 + f + 6. Let t be h(0). Let b(q) = q**2 - 5*q + 6. What is the tens digit of b(t)?
1
Let d = 7 + -43. What is the units digit of d/(-15) - (-2)/(-5)?
2
Let a(i) = i + 1. Let z(f) = 4*f**2 + 2*f + 1. Let r(v) = -3*a(v) + z(v). Suppose 2 = 9*d - 8*d. What is the units digit of r(d)?
2
Let p(f) = -387*f + 3. What is the units digit of p(-1)?
0
Suppose d - 3*n = -d + 156, d + 4*n = 100. What is the units digit of d?
4
Suppose y - 12 = -2*y. Suppose -3*p + y = p. Suppose p + 27 = 4*c. What is the units digit of c?
7
Let k = -31 + 51. What is the tens digit of k?
2
Let o = -19 - -20. What is the units digit of o - -1 - (0 + 0)?
2
Let c(i) = i**2 - 5*i + 24. What is the tens digit of c(12)?
0
Let g(v) = -3*v + 4*v - 2*v. Let h be g(-5). Suppose h*a - 2*f = -1, 2*a + 4*f + 3 = 17. What is the units digit of a?
1
Let r be 1/4 - (-7)/4. Suppose r*d = 5*d - 6. What is the units digit of d?
2
Let d = 11 + 4. What is the units digit of d?
5
Let x = 6 + 7. What is the units digit of x?
3
What is the units digit of (-2)/3*-1*69?
6
Suppose -4*k + 2*k = -4. What is the tens digit of ((-2)/